git of r?
0
Let z(b) = -b**2 + 12*b + 12. Let v be z(9). Let h = -29 + v. Let w(s) = 10*s - 9. What is the tens digit of w(h)?
9
Let j(d) = -d**3 - 4*d**2 + 24*d - 530. What is the hundreds digit of j(-30)?
1
Let o(q) = 4*q**3 - 2*q + 6. Let f be o(-5). Let h = f - -2195. What is the hundreds digit of h?
7
Suppose 9 + 6 = 5*y. Suppose -y*n + 5 = u - 4, -n + 3 = 0. Suppose -26*i + 29*i - 30 = u. What is the tens digit of i?
1
Let h(n) = -289*n + 2482. What is the thousands digit of h(-60)?
9
What is the tens digit of -10 + 9 - -533 - -16?
4
Suppose -s + 18 = 2*m, 48*s = 49*s - 2*m - 26. Let b(h) = -h**3 + 24*h**2 - 16*h + 59. What is the units digit of b(s)?
5
Suppose -3*i - 43 = -4*i. Let p = i + -39. Suppose -81 = -p*g + 455. What is the tens digit of g?
3
Let x be (5 - 2)/(2/((-16)/6)). Let l be x/((-54)/(-13) + -4). What is the units digit of ((-13)/(-3))/(l/(-546))?
1
What is the thousands digit of (-276970)/(-30) + -1 + 10/(-6)*-1?
9
Let x(o) = 19246*o - 2719. What is the tens digit of x(2)?
7
Let p(u) = 2*u**2 - 11*u - 179. Let i be p(-12). Suppose -4*y = -0*y. Suppose y = 3*j + i - 820. What is the tens digit of j?
9
Suppose -4*b + 16585 + 5633 = -5*x, -5560 = -b + 4*x. What is the tens digit of b?
5
Let p = 62 - 57. Suppose 4*s - 4*c - 2292 = 0, 4*s - p*s + 5*c = -569. What is the units digit of s?
4
Suppose -2*x - 44 = -5*q, 2*q + 3*x - 28 = 1. Suppose -q*z = -3*z - 343. What is the units digit of -2 + -4*(3 + z)/(-2)?
2
Let z(k) = k**2 + 77*k - 494. What is the tens digit of z(52)?
1
Suppose -m + 5*o = -43578, 0 = -5*m + 6*o + 203695 + 14214. What is the units digit of m?
3
Suppose -2*v + 8 = 2*b, v + 5*b + 0*b = 0. Suppose v*o - 66 = 49. Let h = o + -5. What is the tens digit of h?
1
Let i = -199 - -201. Suppose i*l + 185 = 593. What is the hundreds digit of l?
2
What is the hundreds digit of (-22 - (-2 - -5)/(-3))/((-17)/7718)?
5
Let w = -2338 + 13570. What is the ten thousands digit of w?
1
Let b = 49506 + -2210. What is the hundreds digit of b?
2
Let c = -28 + 30. Suppose 3*k - k = -c*k. Suppose k = 3*y - 3*o - 135, 0*o = 4*y - 5*o - 183. What is the tens digit of y?
4
Let a(o) = 58*o**2 + 2*o + 8. What is the hundreds digit of a(-11)?
0
Let v be 5*(-22)/10*-2. What is the tens digit of v/5*(44 + 11)?
4
Let v = -1901 - -6725. Suppose -v = 205*g - 213*g. What is the tens digit of g?
0
Let l be (1 - 1)*(1 + -2). Suppose l = t + 76 - 15. Let r = -44 - t. What is the units digit of r?
7
Suppose -7*j = -10*j + 3*h + 45147, 0 = -3*j + 5*h + 45159. What is the tens digit of j?
4
Suppose 2*b = -b + 2*b. Suppose b = 2*g + 5*f - 2, -3*g = -5*f + 2 - 5. What is the tens digit of ((-1720)/(-60))/(g/3)?
8
Suppose -56 = 5*l - 186. Let j(i) = i**3 - 24*i**2 - 49*i + 19. What is the tens digit of j(l)?
9
Let a(d) be the third derivative of 17*d**5/60 - d**4/12 + 19*d**3/6 - 66*d**2. What is the units digit of a(6)?
9
Let p(o) = 13*o + 3. Let f be p(3). Let u = 6 - 12. Let a = f - u. What is the tens digit of a?
4
Suppose 16*i - 193537 = -7*y + 14*i, 4*y - 2*i = 110580. What is the thousands digit of y?
7
Let k(g) = 258*g**2 + 82*g + 516. What is the thousands digit of k(-7)?
2
Suppose -7*c + 25575 = -18602. What is the hundreds digit of c?
3
Suppose 0 = -53*w + 127*w - 80*w + 75888. What is the hundreds digit of w?
6
What is the tens digit of (-6)/(-10) - ((-2568)/20)/1?
2
Let d = -12 + 35. Suppose -9*s - 5292 = -d*s. What is the tens digit of s?
7
Let q = 22208 + 2902. What is the hundreds digit of q?
1
Suppose 1 = -r + 6. Suppose -4*f + 3 - 16 = r*s, f - 5*s = 3. What is the units digit of ((-216)/(-15))/(f/20*-2)?
2
Suppose 5*y + 3201 = 3*r, r = 5*r + 2*y - 4242. Suppose -318 = -12*w + r. What is the tens digit of w?
1
Suppose y = 5*c + 719, -10*y + 7*y = -3*c - 441. Suppose 2*u = -2*r + 442, -4*r + 0*u + 872 = -2*u. Let t = r + c. What is the units digit of t?
6
Let r = -2721 - -4885. What is the thousands digit of r?
2
Let r = 10458 - -3170. What is the thousands digit of r?
3
Suppose 0 = -30*n + 109510 + 211940. What is the tens digit of n?
1
Suppose -12*t = 11799 + 405. Let g = 1801 + t. What is the tens digit of g?
8
Suppose 8*m = -m + 5175. Suppose -1819 = -9*b + m. What is the units digit of b?
6
What is the tens digit of (2836412/655)/(4/10)?
2
Let t(x) = x**2 + 3*x - 9. Let z be t(2). Suppose h - 2*k - 4 = z, h + 4*k - 35 = 0. What is the units digit of h?
5
What is the thousands digit of ((-1086)/(-7))/((-46)/113183*-19)?
0
Let g = 350 + -318. What is the hundreds digit of ((-3)/(3/26))/(g/(-320))?
2
Let k = 7168 - 3685. What is the thousands digit of k?
3
Let h(j) = 11*j**2 - 30*j + 59. Let q be 4 - (-2 - 18/6). What is the hundreds digit of h(q)?
6
Let d(y) = 7*y**3 - 12*y**2 + 35*y - 2. Let i(b) = 6*b**3 - 14*b**2 + 35*b - 2. Let r(z) = 5*d(z) - 6*i(z). What is the tens digit of r(20)?
0
Let h(i) = -2*i - 60. Let w(d) = -2*d - 61. Let q(b) = 3*h(b) - 4*w(b). What is the tens digit of q(-3)?
5
Suppose 4*o = 18*o - 28. Let g be 68/(-12) - o/6. What is the units digit of 7/(-2)*(g - 28)?
9
Let x = 86 - 148. Let r = x + 164. What is the hundreds digit of r?
1
Let o(f) = -f**2. Let l(y) = -3*y**2 - 3*y + 3. Let q(c) = l(c) - 4*o(c). Let g be q(2). What is the tens digit of -3 + (6*10)/g?
5
Suppose 0 = -25*b + 27*b - 104. Let z(g) = 53*g**2 - 14*g - 5 - b*g**2 + 3. What is the units digit of z(-7)?
5
Let q be (-2787)/((-32)/72 + (-19)/18). Suppose -3*i + 5392 - q = 5*n, -3*n + 2130 = -3*i. What is the units digit of n?
8
Let g = -5091 + 7391. What is the tens digit of g?
0
Let f(k) be the first derivative of 7/3*k**3 - 3 + 4*k**2 - k - 1/4*k**4. What is the tens digit of f(6)?
8
Let y(m) = m**3 - 2*m**2 - m - 1. Let v be y(2). Let u be ((-182)/3)/(v/9). Let x = u + -95. What is the units digit of x?
7
Suppose -3*f - 1639 = -4*u, -6*u + 421 = -5*u - 3*f. Suppose 0 = 2*d - 1336 - u. What is the hundreds digit of d?
8
Suppose 0*f - 82*f + 949232 = 0. What is the tens digit of f?
7
Let u(k) = -2*k**2 + 245*k + 133. What is the hundreds digit of u(100)?
6
Let g(m) = -m**2 - 17*m - 42. Let d be g(-14). Suppose d = 4*s - 16*s + 8280. What is the hundreds digit of s?
6
Let v be (-6 - -1) + -6 + 13 + -3. Let x be (v - (-705)/55) + 4/22. Suppose -16*z = -x*z - 300. What is the units digit of z?
5
Let o be 2 + 0 + 1 + -67 + 62. What is the units digit of ((-1551)/o)/(3/6)?
1
Let c = -51 - -52. Suppose 2 = -4*j - 2*t, 2 + c = 4*j + t. Suppose 0 = -j*y - 4, -3*d + 4*y = -2*d - 167. What is the hundreds digit of d?
1
Let f = -52 - -59. Suppose -462 = -f*r + r. What is the units digit of r?
7
Suppose -6*d + 78 = -0*d. Let l(o) = -o**2 + 7*o - 10. Let k be l(d). Let w = -63 - k. What is the tens digit of w?
2
Let d(c) = 2*c**2 - 19*c + 3685. What is the thousands digit of d(-128)?
8
Suppose -28*i - 18*i = -27*i - 467761. What is the hundreds digit of i?
6
Suppose 0 = 5*p + 5*f + 95, -3*p + f - 82 = -5. What is the thousands digit of (1185 + -1 - 2) + (-20 - p)?
1
Let g = -58 + 60. Suppose -4 = g*a, -a - 4*a - 25 = -5*j. Suppose -3*o = -i + 26, 5*o - j*o = 2. What is the units digit of i?
9
Let i(b) = 35*b - 86. Let w be i(2). Let t(d) = -40*d - 165. What is the hundreds digit of t(w)?
4
Let q(x) be the third derivative of x**6/120 + x**5/30 - 13*x**4/12 + 7*x**3/6 + 89*x**2. What is the hundreds digit of q(9)?
6
Suppose -3*y - 6 = -12. What is the tens digit of (y + -1566 + -6)/(-2)?
8
Let i(a) = 15 - 328*a - 52*a - 65. What is the thousands digit of i(-4)?
1
Suppose 4*w + 3*k - 445 = 0, -4*w - 251 + 695 = 4*k. Let b be w/((1/33)/(2/12)). Let j = b - 434. What is the hundreds digit of j?
1
Let x be (5/(-35)*-72)/(3/21). Suppose -9*c - x = 747. Let k = c + 172. What is the tens digit of k?
8
Suppose -53915 - 2661 = -2*i + 4*o, 3*o + 56571 = 2*i. What is the thousands digit of i?
8
Suppose -1383 = -2*r + 5*c - 10*c, -r - 4*c + 690 = 0. What is the tens digit of r?
9
Suppose -3*o + 0*o - 5*i + 17623 = 0, 5*i - 11742 = -2*o. What is the units digit of o?
1
Let k be (8 - 816/104) + 100/26. Suppose -5*g + 3276 = -k*c, 2*c = 2*g - 789 - 523. What is the hundreds digit of g?
6
Let k = 374 + -514. Let i(c) = -c**3 - 8*c**2 + 2*c + 2. Let h be i(-6). Let d = h - k. What is the tens digit of d?
5
Let m(o) = 32*o - 37. Let g be m(4). Suppose 0 = -g*u + 83*u 